{"id":31812,"date":"2024-07-24T12:51:41","date_gmt":"2024-07-24T17:51:41","guid":{"rendered":"https:\/\/esiamlat2024.milset.org\/?page_id=31812"},"modified":"2024-07-24T15:28:42","modified_gmt":"2024-07-24T20:28:42","slug":"reglas","status":"publish","type":"page","link":"https:\/\/esiamlat2024.milset.org\/index.php\/esi-amlat-2024\/reglas\/","title":{"rendered":"Reglas"},"content":{"rendered":"<p>[et_pb_section fb_built=\u00bb1&#8243; custom_padding_last_edited=\u00bbon|phone\u00bb _builder_version=\u00bb4.24.0&#8243; _module_preset=\u00bbdefault\u00bb use_background_color_gradient=\u00bbon\u00bb background_color_gradient_direction=\u00bb0deg\u00bb background_color_gradient_stops=\u00bb#17001c 0%|rgba(255,255,255,0) 100%\u00bb background_color_gradient_overlays_image=\u00bbon\u00bb background_image=\u00bbhttps:\/\/esiamlat2024.milset.org\/wp-content\/uploads\/2024\/07\/Fondo-prueba-reglas.jpg\u00bb parallax=\u00bbon\u00bb parallax_method=\u00bboff\u00bb height=\u00bb100%\u00bb height_tablet=\u00bb100%\u00bb height_phone=\u00bb100%\u00bb height_last_edited=\u00bbon|phone\u00bb custom_padding=\u00bb10%||5%||false|false\u00bb custom_padding_tablet=\u00bb12%||8%||false|false\u00bb custom_padding_phone=\u00bb20%||8%||false|false\u00bb locked=\u00bboff\u00bb global_colors_info=\u00bb{}\u00bb][et_pb_row column_structure=\u00bb2_3,1_3&#8243; _builder_version=\u00bb4.24.0&#8243; _module_preset=\u00bbdefault\u00bb width_tablet=\u00bb85%\u00bb width_phone=\u00bb90%\u00bb width_last_edited=\u00bbon|phone\u00bb max_width=\u00bb80%\u00bb max_width_tablet=\u00bb85%\u00bb max_width_phone=\u00bb90%\u00bb max_width_last_edited=\u00bbon|desktop\u00bb global_colors_info=\u00bb{}\u00bb][et_pb_column type=\u00bb2_3&#8243; _builder_version=\u00bb4.24.0&#8243; _module_preset=\u00bbdefault\u00bb global_colors_info=\u00bb{}\u00bb][et_pb_text _builder_version=\u00bb4.24.0&#8243; _module_preset=\u00bbdefault\u00bb text_font=\u00bbNunito||||||||\u00bb text_text_color=\u00bb#FFFFFF\u00bb text_font_size=\u00bb1.2em\u00bb text_letter_spacing=\u00bb0.04em\u00bb text_line_height=\u00bb1.6em\u00bb header_2_font=\u00bbOswald||||||||\u00bb header_2_text_align=\u00bbleft\u00bb header_2_text_color=\u00bb#FFFFFF\u00bb header_2_font_size=\u00bb3em\u00bb header_2_letter_spacing=\u00bb0.05em\u00bb header_2_line_height=\u00bb1.2em\u00bb parallax=\u00bbon\u00bb parallax_method=\u00bboff\u00bb text_orientation=\u00bbjustified\u00bb hover_enabled=\u00bb0&#8243; text_font_size_tablet=\u00bb1em\u00bb text_font_size_phone=\u00bb1em\u00bb text_font_size_last_edited=\u00bbon|phone\u00bb text_letter_spacing_tablet=\u00bb0.04em\u00bb text_letter_spacing_phone=\u00bb0em\u00bb text_letter_spacing_last_edited=\u00bbon|desktop\u00bb text_line_height_tablet=\u00bb1.6em\u00bb text_line_height_phone=\u00bb1.6em\u00bb text_line_height_last_edited=\u00bbon|phone\u00bb header_2_text_align_tablet=\u00bbcenter\u00bb header_2_text_align_phone=\u00bbcenter\u00bb header_2_text_align_last_edited=\u00bbon|desktop\u00bb header_2_font_size_tablet=\u00bb2.8em\u00bb header_2_font_size_phone=\u00bb2.2em\u00bb header_2_font_size_last_edited=\u00bbon|desktop\u00bb header_2_letter_spacing_tablet=\u00bb0.04em\u00bb header_2_letter_spacing_phone=\u00bb0.02em\u00bb header_2_letter_spacing_last_edited=\u00bbon|desktop\u00bb header_2_line_height_tablet=\u00bb\u00bb header_2_line_height_phone=\u00bb\u00bb header_2_line_height_last_edited=\u00bbon|desktop\u00bb text_text_shadow_style=\u00bbpreset1&#8243; global_colors_info=\u00bb{}\u00bb text_line_height__hover_enabled=\u00bboff|desktop\u00bb sticky_enabled=\u00bb0&#8243;]<\/p>\n<h2>Reglas<\/h2>\n<p>[\/et_pb_text][et_pb_text _builder_version=\u00bb4.24.0&#8243; _module_preset=\u00bbdefault\u00bb text_font=\u00bbNunito||||||||\u00bb text_text_color=\u00bb#FFFFFF\u00bb text_font_size=\u00bb1.1em\u00bb text_letter_spacing=\u00bb0.04em\u00bb text_line_height=\u00bb1.6em\u00bb header_2_font=\u00bbOswald||||||||\u00bb header_2_text_align=\u00bbleft\u00bb header_2_text_color=\u00bb#FFFFFF\u00bb header_2_font_size=\u00bb1.8em\u00bb header_2_letter_spacing=\u00bb0.05em\u00bb header_2_line_height=\u00bb1.2em\u00bb parallax=\u00bbon\u00bb parallax_method=\u00bboff\u00bb text_orientation=\u00bbjustified\u00bb hover_enabled=\u00bb0&#8243; text_font_size_tablet=\u00bb1em\u00bb text_font_size_phone=\u00bb0.95em\u00bb text_font_size_last_edited=\u00bbon|phone\u00bb text_letter_spacing_tablet=\u00bb0.04em\u00bb text_letter_spacing_phone=\u00bb0em\u00bb text_letter_spacing_last_edited=\u00bbon|desktop\u00bb text_line_height_tablet=\u00bb1.5em\u00bb text_line_height_phone=\u00bb1.4em\u00bb text_line_height_last_edited=\u00bbon|phone\u00bb header_2_text_align_tablet=\u00bbcenter\u00bb header_2_text_align_phone=\u00bbcenter\u00bb header_2_text_align_last_edited=\u00bbon|desktop\u00bb header_2_font_size_tablet=\u00bb1.6em\u00bb header_2_font_size_phone=\u00bb1.4em\u00bb header_2_font_size_last_edited=\u00bbon|phone\u00bb header_2_letter_spacing_tablet=\u00bb0.04em\u00bb header_2_letter_spacing_phone=\u00bb0.02em\u00bb header_2_letter_spacing_last_edited=\u00bbon|desktop\u00bb header_2_line_height_tablet=\u00bb\u00bb header_2_line_height_phone=\u00bb\u00bb header_2_line_height_last_edited=\u00bbon|desktop\u00bb text_text_shadow_style=\u00bbpreset1&#8243; global_colors_info=\u00bb{}\u00bb text_line_height__hover_enabled=\u00bboff|desktop\u00bb sticky_enabled=\u00bb0&#8243;]<\/p>\n<h2>Participantes internacionales<\/h2>\n<p>La participaci\u00f3n en MILSET Expo-Sciences International 2024 es una oportunidad fant\u00e1stica para mostrar proyectos creados por m\u00e1s de 2000 participantes, provenientes de m\u00e1s de 65 pa\u00edses de todo el mundo. El rango de edad de participaci\u00f3n es de 9 a 25 a\u00f1os.<\/p>\n<p>S\u00e9 parte de esta incre\u00edble experiencia y sorprende al mundo!<\/p>\n<h2>\u00bfC\u00f3mo participar?<\/h2>\n<p>Los proyectos presentados en ESI 2024 son seleccionados por las Organizaciones Miembros de MILSET.<\/p>\n<h2>Si eres miembro de MILSET<\/h2>\n<p>Recibir\u00e1 un correo electr\u00f3nico de esiamlat2024@milset.org con su invitaci\u00f3n y contrase\u00f1a para registrar su delegaci\u00f3n en el sistema de registro ESI 2024. En caso de que no lo haya recibido, rec\u00e1rguelo en la p\u00e1gina o env\u00ede un correo electr\u00f3nico a esiamlat2024@milset.org<\/p>\n<h2>Si no eres miembro de MILSET<\/h2>\n<p>Por favor env\u00ede su solicitud a esiamlat2024@milset.org y el correo electr\u00f3nico correspondiente de la Oficina Regional de MILSET. No olvide agregar el nombre de su organizaci\u00f3n, pa\u00eds, nombre de contacto y direcci\u00f3n de correo electr\u00f3nico:<\/p>\n<p>MILSET Asia: asia@milset.org<br \/>MILSET Amlat: amlat@milset.org<br \/>MILSET Europa: europe@milset.org<br \/>MILSET Noram: noram@milset.org<br \/>MILSET Vostok: vostok@milset.org<br \/>MILSET \u00c1frica: africa@milset.org<\/p>\n<p>La oficina correspondiente analizar\u00e1 su solicitud. Si la Oficina Regional autoriza su participaci\u00f3n, recibir\u00e1 una carta de bienvenida con su c\u00f3digo de acceso para registrarse en el sistema de registro ESI 2024.<\/p>\n<h2>Proyectos Individuales<\/h2>\n<p>En caso de que tenga un proyecto y est\u00e9 interesado en participar en ESI 2024, siga los siguientes pasos:<\/p>\n<p>1- P\u00f3ngase en contacto con una organizaci\u00f3n miembro de MILSET de su pa\u00eds, a trav\u00e9s de este enlace https:\/\/milset.org\/milset\/web\/members<\/p>\n<p>2- Pregunte si puede ser parte de su delegaci\u00f3n y siga el proceso que la organizaci\u00f3n indica.<\/p>\n<p>Nota: No es obligatorio que las organizaciones acepten la solicitud. No se permite la participaci\u00f3n de proyectos individuales (que no representan a ninguna organizaci\u00f3n).<\/p>\n<p>[\/et_pb_text][et_pb_button button_url=\u00bbhttps:\/\/registration.milset.org\/esiamlat_2024\/\u00bb url_new_window=\u00bbon\u00bb button_text=\u00bbRegistro\u00bb button_alignment=\u00bbleft\u00bb button_alignment_tablet=\u00bbcenter\u00bb button_alignment_phone=\u00bbcenter\u00bb button_alignment_last_edited=\u00bbon|phone\u00bb _builder_version=\u00bb4.24.0&#8243; _module_preset=\u00bbdefault\u00bb custom_button=\u00bbon\u00bb button_text_size=\u00bb1em\u00bb button_text_color=\u00bb#FFFFFF\u00bb button_border_width=\u00bb1px\u00bb button_border_color=\u00bb#FFFFFF\u00bb button_border_radius=\u00bb50px\u00bb button_letter_spacing=\u00bb4px\u00bb button_font=\u00bbNunito|700||on|||||\u00bb button_use_icon=\u00bboff\u00bb custom_padding=\u00bb8px|25px|8px|25px|true|true\u00bb button_text_size_tablet=\u00bb1em\u00bb button_text_size_phone=\u00bb0.8em\u00bb button_text_size_last_edited=\u00bbon|phone\u00bb box_shadow_style=\u00bbpreset3&#8243; box_shadow_vertical=\u00bb0px\u00bb box_shadow_blur=\u00bb0px\u00bb box_shadow_spread=\u00bb0px\u00bb locked=\u00bboff\u00bb global_colors_info=\u00bb{}\u00bb box_shadow_horizontal__hover_enabled=\u00bbon|hover\u00bb box_shadow_vertical__hover_enabled=\u00bbon|desktop\u00bb box_shadow_blur__hover_enabled=\u00bbon|desktop\u00bb box_shadow_spread__hover_enabled=\u00bbon|desktop\u00bb box_shadow_vertical__hover=\u00bb12px\u00bb box_shadow_blur__hover=\u00bb18px\u00bb box_shadow_spread__hover=\u00bb-6px\u00bb button_bg_color__hover_enabled=\u00bbon|hover\u00bb button_bg_enable_color__hover=\u00bbon\u00bb button_text_color__hover_enabled=\u00bbon|hover\u00bb button_text_color__hover=\u00bb#000000&#8243; button_bg_color__hover=\u00bb#FFFFFF\u00bb][\/et_pb_button][\/et_pb_column][et_pb_column type=\u00bb1_3&#8243; _builder_version=\u00bb4.24.0&#8243; _module_preset=\u00bbdefault\u00bb global_colors_info=\u00bb{}\u00bb][et_pb_image src=\u00bbhttps:\/\/esiamlat2024.milset.org\/wp-content\/uploads\/2024\/02\/Esi-logo-para-fondo-blanco.png\u00bb title_text=\u00bbEsi-logo-para-fondo-blanco\u00bb align=\u00bbcenter\u00bb disabled_on=\u00bbon|on|off\u00bb _builder_version=\u00bb4.24.0&#8243; _module_preset=\u00bbdefault\u00bb global_colors_info=\u00bb{}\u00bb][\/et_pb_image][\/et_pb_column][\/et_pb_row][\/et_pb_section]<\/p>\n","protected":false},"excerpt":{"rendered":"<p>ReglasParticipantes internacionales La participaci\u00f3n en MILSET Expo-Sciences International 2024 es una oportunidad fant\u00e1stica para mostrar proyectos creados por m\u00e1s de 2000 participantes, provenientes de m\u00e1s de 65 pa\u00edses de todo el mundo. El rango de edad de participaci\u00f3n es de 9 a 25 a\u00f1os. S\u00e9 parte de esta incre\u00edble experiencia y sorprende al mundo! \u00bfC\u00f3mo [&hellip;]<\/p>\n","protected":false},"author":1,"featured_media":0,"parent":30628,"menu_order":0,"comment_status":"closed","ping_status":"closed","template":"","meta":{"_et_pb_use_builder":"on","_et_pb_old_content":"","_et_gb_content_width":"","footnotes":""},"_links":{"self":[{"href":"https:\/\/esiamlat2024.milset.org\/index.php\/wp-json\/wp\/v2\/pages\/31812"}],"collection":[{"href":"https:\/\/esiamlat2024.milset.org\/index.php\/wp-json\/wp\/v2\/pages"}],"about":[{"href":"https:\/\/esiamlat2024.milset.org\/index.php\/wp-json\/wp\/v2\/types\/page"}],"author":[{"embeddable":true,"href":"https:\/\/esiamlat2024.milset.org\/index.php\/wp-json\/wp\/v2\/users\/1"}],"replies":[{"embeddable":true,"href":"https:\/\/esiamlat2024.milset.org\/index.php\/wp-json\/wp\/v2\/comments?post=31812"}],"version-history":[{"count":5,"href":"https:\/\/esiamlat2024.milset.org\/index.php\/wp-json\/wp\/v2\/pages\/31812\/revisions"}],"predecessor-version":[{"id":31823,"href":"https:\/\/esiamlat2024.milset.org\/index.php\/wp-json\/wp\/v2\/pages\/31812\/revisions\/31823"}],"up":[{"embeddable":true,"href":"https:\/\/esiamlat2024.milset.org\/index.php\/wp-json\/wp\/v2\/pages\/30628"}],"wp:attachment":[{"href":"https:\/\/esiamlat2024.milset.org\/index.php\/wp-json\/wp\/v2\/media?parent=31812"}],"curies":[{"name":"wp","href":"https:\/\/api.w.org\/{rel}","templated":true}]}}